ivisor of 34 and p.
17
Let k(z) = 5*z**2 - 2*z - 1. Let l be k(2). Let x = -3 + 18. Calculate the highest common factor of l and x.
15
Let x = -108 + 188. Suppose 7*c - x = 2*c. Suppose 3*d + 29 = 4*v + 113, 3*v - 105 = -3*d. Calculate the highest common divisor of d and c.
16
Let b = 33 - 30. What is the greatest common divisor of 6 and b?
3
Suppose 0 = 4*n - 0*n - p - 348, -n + 84 = -p. What is the greatest common divisor of n and 22?
22
Let j be (0 - -1)*-1 + 5. Let r = 4 - 0. What is the greatest common divisor of r and j?
4
Suppose 6*p = 2*p - 20. Let v be (-1*1)/(p/35). What is the greatest common divisor of 7 and v?
7
Let b be ((-18)/10)/((-15)/50). Calculate the highest common divisor of b and 48.
6
Let m(h) = -76*h**3 + 1. Let q be m(-1). Calculate the highest common divisor of q and 7.
7
Let z be 27/(-6)*2/(-3). Let t be (3/3)/(-2*(-2)/12). What is the greatest common divisor of z and t?
3
Let u(k) = k + 20. Let z be u(-9). Let o = z + -7. Let l = -11 - -15. Calculate the highest common divisor of l and o.
4
Let b(m) = -19*m**3 + m. Let s be b(-1). Calculate the greatest common factor of 2 and s.
2
Suppose 9*k = 12*k - 18. Calculate the greatest common factor of k and 66.
6
Let i(d) = d + 1. Let t be i(13). What is the greatest common factor of t and 98?
14
Let f = 5 - 4. Let o be 2 + (1 - f) - 2. Suppose o = -5*s + 72 - 22. What is the highest common divisor of s and 25?
5
Suppose 4*j - 5*a + 20 = 0, 4*j + 3*a - 12 = 5*j. Suppose -u - 4 = j, 4*l - 12 = -2*u - u. What is the greatest common factor of l and 2?
2
Let l be (-2)/(-5) - 286/(-10). What is the highest common divisor of l and 203?
29
Suppose 0 = 3*y + 4*o - 26, y + 2*o - 9 = o. Calculate the highest common divisor of y and 40.
10
Let v be (12/10)/((-3)/(-90)). Let n = -20 + v. Let s be (2/2 + -3)/(-1). Calculate the highest common factor of n and s.
2
Let j be -3 + (2 - (2 + -5)*1). Calculate the highest common divisor of j and 54.
2
Let k be 17/(-5) - (-2)/5. Let r be 47 - 0 - (-5 - k). Let m be (-7 - 0)*2/(-2). Calculate the highest common factor of m and r.
7
Let z = 12 + -7. Suppose z*w = 5*u - 275, 3*u - 165 = -0*u + 4*w. What is the highest common factor of 11 and u?
11
Let j be 7123/34 + 2/(-4). What is the highest common factor of j and 11?
11
Let a = -5 - -21. Suppose -4*g = 12, -5*b - 2*g + 305 = 3*g. Calculate the greatest common divisor of a and b.
16
Suppose -s - 3*s = -5488. Suppose 442 - s = -3*l. Suppose 0 = 5*j - 3*q - 276, l = 4*j + 4*q + 102. What is the greatest common factor of 9 and j?
9
Let a(t) = t**2 + 5*t - 42. Let u be a(6). Calculate the highest common factor of u and 12.
12
Let y be (7/(-5) + 1)/((-6)/180). What is the highest common divisor of y and 108?
12
Let y(v) = v + 64. Let m be y(0). Let s = 94 - m. Calculate the greatest common divisor of s and 75.
15
Suppose -5*m = -132 - 38. Suppose 5*j - 3*w - 60 = 0, 2*w = -4*j + m + 14. Calculate the greatest common divisor of j and 96.
12
Suppose -11 = -5*f + 4. Suppose -5*x - 4*g + 100 = 3, -f*g + 36 = 2*x. What is the greatest common divisor of 63 and x?
21
Suppose -7 - 48 = -5*x. Calculate the greatest common factor of 1 and x.
1
Let f(w) = w**3 + 10*w**2 - 2*w + 8. Let t be f(-10). Suppose 0 = -9*n + 7*n + t. Let d be ((-17)/2)/((-7)/n). What is the greatest common factor of d and 68?
17
Suppose -10*g + 7*g + 33 = 0. Calculate the greatest common factor of 33 and g.
11
Suppose 0 = -4*l + 5*w - 5, 4 = l + 2*l + 4*w. Suppose -3*k + 65 + 1 = l. Let x be 6/4 - (-3)/6. Calculate the greatest common factor of x and k.
2
Suppose 0*o + 4*o = -64. Let g = o - -40. Let i = 22 - 14. Calculate the greatest common divisor of i and g.
8
Let s = 105 - 25. What is the highest common factor of 40 and s?
40
Suppose -13 = -3*d + 86. Calculate the highest common factor of d and 3.
3
Suppose 2*r + 3*r = 2*t - 7, -4*t - 1 = 5*r. Let u be 0 + r*(-3 + 1). Suppose -90 = -0*s - u*s. What is the greatest common divisor of 18 and s?
9
Let z = -142 + 217. Suppose 8*v = -10*v + 540. What is the greatest common divisor of v and z?
15
Let d be (-1)/((-3)/(0 + 3)). Let n be 37 + (0 - (d - -2)). Suppose -39 + 141 = 2*u. What is the highest common factor of u and n?
17
Let b = -9 - -10. Suppose 5*v - 19 = -n, v - 2*n + b = -4. What is the highest common divisor of v and 2?
1
Suppose 0 = -2*o + 5*v + 41, -2*o + 0*v - 3*v + 17 = 0. Calculate the greatest common factor of o and 13.
13
Let x(b) = 7*b**2 - 1. Let q be x(-1). Suppose l + 55 = q*l. What is the highest common divisor of l and 55?
11
Let p be (-4)/(-6) - (-310)/30. What is the highest common divisor of 11 and p?
11
Let d = -35 - -44. Calculate the highest common divisor of 1 and d.
1
Suppose -4*v = 4*y - 0*y - 124, y - v - 31 = 0. What is the greatest common factor of 341 and y?
31
Let x(n) = n**2 + 4*n + 6. Let f be x(-4). Suppose -5*a + 318 = -3*u, 2*u - 12 + 4 = 0. Calculate the highest common factor of f and a.
6
Suppose 2*v - 5 = 11. Suppose g - v*s - 24 = -4*s, -s = -2. Calculate the highest common divisor of g and 16.
16
Suppose -2*c = -4*c. Let f be (c - 1)*15/(-3). Suppose 12 - 27 = -3*d. Calculate the highest common factor of d and f.
5
Let x(b) = 2*b**2 - 3*b + 3. Let p be x(6). Calculate the greatest common divisor of p and 19.
19
Let s be (2/4)/((-1)/(-368)). Calculate the highest common factor of 23 and s.
23
Suppose -4*p = -2*r - 66, 0 = 2*p + 3*r + 2*r - 51. What is the greatest common divisor of p and 45?
9
Let q be (2/4)/(1/32). Suppose -4*o = -t - 8, -t + 3*o - 2 = 2. What is the greatest common divisor of q and t?
8
Suppose -2 + 0 = 2*z, -5*z - 7 = -2*p. Let u = -4 + 14. Let g be (u - 8) + (1 - -1). Calculate the greatest common divisor of p and g.
1
Let l be (2/(16/162))/(12/32). Calculate the greatest common divisor of l and 6.
6
Suppose 0 = 4*u - 2*b - 534, -3*u + 455 - 44 = 2*b. Suppose j + 180 = -4*g + 8*g, u = 3*g + j. What is the greatest common factor of g and 30?
15
Let a = 65 - 47. Calculate the highest common factor of 2 and a.
2
Let m be (3/2)/(2/40). Let h be ((-25)/75)/((-1)/36). What is the highest common divisor of m and h?
6
Let t = -17 - -39. Let s be (-1984)/(-10) - 12/30. What is the greatest common divisor of t and s?
22
Let j = -10 - -7. Let t(z) = 6*z**2 + z - 3. Let c be t(j). Calculate the highest common factor of c and 6.
6
Let o(z) = 2*z**2 - 9*z + 7. Let r be o(5). What is the greatest common divisor of r and 12?
12
Suppose 73*u - 68*u - 20 = 0. What is the greatest common factor of u and 20?
4
Let z be -3 + (-32)/(-4) + -2. Suppose -2*m + 82 = -4*q - 110, z*m = -5*q + 244. What is the highest common factor of m and 22?
22
Suppose 2*t = -4*x + 2, -2*t + 4 = x + 5. Calculate the highest common divisor of 1 and x.
1
Suppose 0 = 4*j + 4 - 8. What is the greatest common divisor of 7 and j?
1
Suppose 2*l + 2*q + 7 = 3*l, 2*l + 4*q = 22. Let b(w) = -w + 7. Let k be b(5). Suppose -k*y + 297 = y. What is the greatest common factor of l and y?
9
Suppose -2*z - 4*j + 87 = -7*j, 5*z - 220 = 5*j. Let i be (-2 - 0)/((-31)/279). Calculate the greatest common factor of z and i.
9
Let o be (3 + -4)*(-15)/(-3). Let r be ((-4)/5)/(2/o). Calculate the greatest common factor of 1 and r.
1
Suppose 0*v + 52 = 2*v. Calculate the greatest common divisor of 2 and v.
2
Let z = -7 - -25. Let o(u) = u - 5. Let v be o(7). Suppose 3*m - 370 = v*n, n = 2*m - 0*n - 248. Calculate the greatest common factor of m and z.
18
Suppose 0*m - 3*h - 3 = -m, -3*m = -2*h - 30. Let n = m - -10. Calculate the greatest common factor of 55 and n.
11
Suppose -5*i = -y + 94, 2*y = -2*y + i + 376. Suppose 156 = 5*p - y. Let f = 31 + -21. What is the highest common divisor of f and p?
10
Let n be (3 - 2) + 10/(-1). Let f = n + 15. Let s = -5 + 29. What is the highest common divisor of s and f?
6
Suppose 0 = 7*c - 13 - 50. Calculate the highest common factor of c and 1.
1
Let t(u) = u + 1. Let j be t(0). Let z(x) = 2*x**2 - 11 - x**2 + 10 + x**2. Let r be z(j). Calculate the greatest common divisor of r and 4.
1
Let x(q) = 2*q + 4. Let n be x(3). Let b = n + -3. What is the highest common factor of b and 7?
7
Let x be 17*((-6)/12)/(1/(-2)). Let y = 115 + -47. What is the greatest common factor of y and x?
17
Let a(y) = -y**2 + 4*y + 7. Let k be a(5). Let p(c) = 27*c. L